+ 4*q**2 - 3*q - 3. Let p(v) = -v**3 - v**2 + v. Let y(t) = -p(t) - x(t). Let c be y(-3). Let w = 73 - c. List the prime factors of w.
2, 11
What are the prime factors of 10/(-30)*51*555/(-3)?
5, 17, 37
List the prime factors of (-10)/(-8 - -13) - (-258 - 1).
257
Let n(h) = h**3 - 6*h**2 + 5*h + 3. Let b be n(5). Suppose p = b, 5*z + 3*p - 105 = -2*p. Let g = 64 - z. What are the prime factors of g?
2, 23
Let u be (-7)/(14/(-12)) + -2. Let o be -1 + -7 + u + 7. Let l(i) = 3*i**3 - 2*i**2 + 5*i - 7. What are the prime factors of l(o)?
71
Let i be (-1)/(-5) + 130/(-25). Let m = 7 + i. Suppose 28 = m*b - 10. List the prime factors of b.
19
Suppose -12868 = 15*w - 19*w + 2*g, 4*w + g = 12862. List the prime factors of w.
2, 3, 67
Suppose -5*d + 193 + 397 = 0. Suppose -4*n = 3*j - 215, 2*n - 2*j - d = -0*j. List the prime factors of n.
2, 7
Suppose 3 = -3*f, 4*q - 40 = -2*f + 490. Suppose 3*l - 219 = 54. Let b = q - l. List the prime factors of b.
2, 3, 7
Let o be (-12)/1 + (-21)/(-7). What are the prime factors of (-40)/12*(3 + o)?
2, 5
Let k(b) = -b**2 + b - 1. Let h(a) = 5*a**2 - 11*a + 10. Let v(r) = -h(r) - 6*k(r). What are the prime factors of v(8)?
2, 5
Let c = 580 - 385. What are the prime factors of c?
3, 5, 13
Suppose 399 + 2001 = 6*u. What are the prime factors of u?
2, 5
Suppose -4*b + 0 = -5*u + 36, 2*u - 4 = -b. Suppose 0*p - 55 = -3*a + 5*p, 5*a - 105 = -5*p. Let i = a - b. List the prime factors of i.
2, 3
Suppose -5*m = m - 18. Suppose -3*q - 3 = -m*d, -6*q - 32 = 3*d - 2*q. List the prime factors of 4*(2/(-4) - d).
2, 7
Let z = 34 - 34. Suppose k - 9 = 68. Suppose 0 = 5*r - 4*s - k, r + 2*s + s - 4 = z. List the prime factors of r.
13
Let d(f) = 88*f + 3. Suppose 4*o - 12 = -4*r, -2*r - 1 = 4*o - 9. List the prime factors of d(o).
7, 13
Suppose 3*z - 650 = -2*z - y, 3*y = -5*z + 660. Let m = -23 - 68. Let o = m + z. What are the prime factors of o?
2, 19
Suppose 2*n + 6*q - 4*q = 66, 2*q = -n + 33. Let w = 46 - n. List the prime factors of w.
13
Suppose s = 3 - 0. Suppose 0 = -4*k + 3*k + 4*y - 12, -44 = -s*k - 4*y. What are the prime factors of k?
2
Let q be (-2 - (3 + -10)) + -4. List the prime factors of (335 + q + -8)/((-2)/(-1)).
2, 41
Suppose 3*s = 0, -3*s + 15 = 3*a - 5*s. Let k(u) = 10*u + 12. What are the prime factors of k(a)?
2, 31
Let f(n) = 30*n**2 + 6*n - 5. Let a be f(1). Let b = a - -20. What are the prime factors of b?
3, 17
Suppose -953 = -h - 5*q, 7*q - 11*q + 3748 = 4*h. List the prime factors of h.
3, 311
Suppose -5*x = -3*c - 36, 4*c + 7 + 13 = 2*x. Suppose 0*d = -x*d + 354. What are the prime factors of d?
59
List the prime factors of (14/63 - 5/(-18))*3056.
2, 191
Let y be 12/(-30)*(-1 - 4). Let m(f) = 24*f - 3. Let z be m(2). Suppose 0 = 5*u - y*u - z. List the prime factors of u.
3, 5
Let i(z) = -z**2 + 13*z - 22. Let g be i(11). Suppose g = 4*k + 46 - 322. What are the prime factors of k?
3, 23
Let n(g) = g**3 + 3*g**2 - 2*g - 4. Let q be 4 - 5/5*1. List the prime factors of n(q).
2, 11
Let c(a) = 46*a + 446. What are the prime factors of c(28)?
2, 3, 17
Suppose -23*p - z = -24*p + 3939, -5*z - 11823 = -3*p. List the prime factors of p.
2, 3, 41
Let w(p) = p**2 + 8*p - 3. Suppose 4*x - 3*x + 25 = -4*c, 5*c = -x - 32. Let j be w(c). List the prime factors of (32/(-20))/(2/j).
2
Suppose -3*f - 4*o = -f - 1502, 4*f - 2*o = 3004. What are the prime factors of f?
751
List the prime factors of (14/98)/(2/12894).
3, 307
Let l = -4 - -15. Suppose -2*n - 6 = -2*c, -5*n + 9 = c - 0*n. Suppose -l - 17 = -c*k. List the prime factors of k.
7
Suppose -1344 = -0*r - 3*r. Suppose -j + 9*j - r = 0. What are the prime factors of j?
2, 7
Let t(k) = k**2 + 11*k - 87. List the prime factors of t(-30).
3, 7, 23
Suppose -p = 6 - 10. Let x(g) = g**3 - 4*g**2 + 3*g + 1. Let l be x(3). What are the prime factors of (l - p) + (-88)/(-8)?
2
Suppose 0 = 5*p - a + 2*a + 23, 5*a = -5*p - 15. Let v(i) = 7*i**2 + 1257*i**3 + i - 7 + 3*i - 1256*i**3. List the prime factors of v(p).
23
Let s be (-320)/(-25) - (4 + (-64)/20). Let n be (-1)/(-3) - (-308)/3. Suppose s = 5*f - n. List the prime factors of f.
23
Let w = 835 - -1497. List the prime factors of w.
2, 11, 53
Let k(a) = a**3 - 10*a**2 + 11*a + 3. Let s be k(9). Suppose 11*g = 12*g - s. What are the prime factors of g?
3, 7
Let j(i) = i**3 + 4*i**2 - 14*i - 3. Let m(u) = -u**3 - 3*u**2 + 7*u + 6. Let f be m(-4). What are the prime factors of j(f)?
3
Suppose -3*n = 61 + 29. Let g = -103 - -52. Let z = n - g. List the prime factors of z.
3, 7
Let x be (-6)/(-4) - 6/4. Suppose 3*a - 3*j - 30 = -x*j, 3*a - 4*j = 31. List the prime factors of a.
3
Suppose 259 = -5*g - w, 165 - 16 = -3*g + w. Let n = g + 116. What are the prime factors of n?
5, 13
List the prime factors of (-26)/(-39)*-33*(1 - 47).
2, 11, 23
Let h = 9 + 3. Suppose 2*q + 2 = h. Suppose 0 = -z + 3*l + 50, 2*l + 100 = q*z - 98. What are the prime factors of z?
2, 19
Suppose 0*w - 4*w = -32. Let r(f) = -2*f + 19. Let s be r(w). Suppose 0 = -s*i - 3*x + 108, -3*i - 2*x + 104 = -0*i. What are the prime factors of i?
2
Suppose 16*x - 4618 = -1642. List the prime factors of x.
2, 3, 31
Let p = -10 + 16. Suppose p = 2*k + 2. Suppose 0 = 2*g - y - 85, -91 = -k*g - 4*y - y. What are the prime factors of g?
43
Suppose 5*c + 3313 = 2*o, -5*o + o = 4*c - 6584. What are the prime factors of o?
17, 97
Let t(f) be the first derivative of f**4/8 + f**3/2 + 3*f**2/2 - 3. Let j(a) be the second derivative of t(a). List the prime factors of j(5).
2, 3
Let t be (80/(-30))/(6/(-99)). Let k = 106 - t. List the prime factors of k.
2, 31
List the prime factors of (-60)/(-270) - 10*1257/(-54).
233
Let l = 855 - 343. List the prime factors of l.
2
Suppose 5*u + 17 = 3*y - 40, -3*y = 2*u + 6. Let j = u + 15. Let q(r) = -r + 9. What are the prime factors of q(j)?
3
Let l(y) = -139 + 136 + 4*y**3 + 0*y - 5*y**3 + 3*y. Let j be l(4). What are the prime factors of j/(-10) - (-3)/2?
7
Suppose 0 = -5*m + 2021 + 4324. List the prime factors of m.
3, 47
Let u(i) be the second derivative of -i**5/20 + i**4/2 - i**3/6 - 2*i**2 + 25*i. What are the prime factors of u(2)?
2, 5
Suppose i = 4*i - 48. List the prime factors of 28/8*(-7)/((-49)/i).
2
Let t(f) = -f - 5*f + f**2 + 15*f + 4. Let d be t(-7). List the prime factors of d/(-8)*4 - -2.
7
Let z(r) = -r - 2. Let g be z(-7). Let w = -41 - -74. Suppose u = g + w. List the prime factors of u.
2, 19
Suppose 5*s - 3*m + 6*m = 1719, 5*s = 5*m + 1735. List the prime factors of s.
3, 5, 23
Suppose 4*r = -6 + 2. Let b(p) = -1. Let w(s) = 7*s. Let v(o) = 2*b(o) - w(o). List the prime factors of v(r).
5
Let z(a) = -26*a + 26. Let t be z(-5). Suppose -3*p = -2*p - t. List the prime factors of p.
2, 3, 13
Suppose 3*d - 8*d = k - 2391, -3*d = 2*k - 1436. What are the prime factors of d?
2, 239
Let f be 0/1 + 5/(20/32). Suppose 83 = 5*u - 3*h, 4*h + f = -u + 43. What are the prime factors of u?
19
Suppose 0 = 7*s + 25*s - 146016. List the prime factors of s.
3, 13
Let i(n) = 2*n**3 - 68*n**2 + 13*n + 16. List the prime factors of i(35).
23, 127
Let j(m) = 41*m**3 + 18*m**2 - 28*m - 2. List the prime factors of j(2).
2, 3, 19
List the prime factors of 1485294/897 - (1 + (-30)/26).
2, 3, 23
Let y = 1811 + -866. List the prime factors of y.
3, 5, 7
Let r be 36 + (-1 + 3 - (2 - 2)). Let n = r + -12. List the prime factors of n.
2, 13
Let n = -614 + 419. Let p = 281 + n. What are the prime factors of p?
2, 43
Let g(w) = -2*w - w**3 - 7*w - 4*w**2 + 13*w**2 - 11. Let p be g(8). Let o = 30 + p. List the prime factors of o.
11
Suppose 2*p = -2*y - 3*p - 60, -y = -p + 30. Let c = 28 + y. List the prime factors of 4 - (-15 - (-8)/c).
23
Suppose 16*g - 30008 = 27048. List the prime factors of g.
2, 1783
Suppose 1 + 11 = -4*s. Let b = -1 - s. Suppose -j - 4*j = -f, -f + 3 = -b*j. What are the prime factors of f?
5
Let m(s) = 4*s**3 + 15*s**2 + 6*s + 1. Let z(l) = -5*l**3 - 15*l**2 - 7*l. Let g(a) = -4*m(a) - 3*z(a). What are the prime factors of g(-15)?
41
Let g be 12/((-7)/(14/4)). List the prime factors of (-285)/g - 1/2.
47
Suppose 0 = -4*k - 2*o + 94, 6*k - 5*o - 51 = 3*k. Let j = 36 + k. What are the prime factors of j?
2, 29
Let c be 54/4*(-12)/(-9). Suppose -n - 17 = 2*i, 3*i - 3*n - c = 6*i. Let s = -5 - i. What are the pr